{"id":397,"date":"2024-09-08T16:55:13","date_gmt":"2024-09-08T16:55:13","guid":{"rendered":"https:\/\/prorad.pt\/?page_id=397"},"modified":"2024-09-08T19:18:47","modified_gmt":"2024-09-08T19:18:47","slug":"licenciamentos-e-registos-2","status":"publish","type":"page","link":"https:\/\/prorad.pt\/index.php\/licenciamentos-e-registos-2\/","title":{"rendered":"Licenciamentos e Registos"},"content":{"rendered":"\t\t<div data-elementor-type=\"wp-page\" data-elementor-id=\"397\" class=\"elementor elementor-397\">\n\t\t\t\t\t\t<section class=\"elementor-section elementor-top-section elementor-element elementor-element-667b2153 elementor-section-boxed elementor-section-height-default elementor-section-height-default\" data-id=\"667b2153\" data-element_type=\"section\" data-settings=\"{&quot;background_background&quot;:&quot;classic&quot;}\">\n\t\t\t\t\t\t<div class=\"elementor-container elementor-column-gap-default\">\n\t\t\t\t\t<div class=\"elementor-column elementor-col-100 elementor-top-column elementor-element elementor-element-1aa66693\" data-id=\"1aa66693\" data-element_type=\"column\">\n\t\t\t<div class=\"elementor-widget-wrap elementor-element-populated\">\n\t\t\t\t\t\t<div class=\"elementor-element elementor-element-1d26f435 elementor-widget elementor-widget-heading\" data-id=\"1d26f435\" data-element_type=\"widget\" data-widget_type=\"heading.default\">\n\t\t\t\t<div class=\"elementor-widget-container\">\n\t\t\t<h2 class=\"elementor-heading-title elementor-size-default\">Licenciamentos e Registos Prote\u00e7\u00e3o Radiol\u00f3gica<br><br>A licen\u00e7a ou registo de geradores de radia\u00e7\u00e3o ou fontes radioativas \u00e9 regulada, desde Julho de 2024 por duas entidades distintas.<\/h2>\t\t<\/div>\n\t\t\t\t<\/div>\n\t\t\t\t\t<\/div>\n\t\t<\/div>\n\t\t\t\t\t<\/div>\n\t\t<\/section>\n\t\t\t\t<section class=\"elementor-section elementor-top-section elementor-element elementor-element-15244dfb elementor-section-boxed elementor-section-height-default elementor-section-height-default\" data-id=\"15244dfb\" data-element_type=\"section\" data-settings=\"{&quot;background_background&quot;:&quot;classic&quot;}\">\n\t\t\t\t\t\t<div class=\"elementor-container elementor-column-gap-default\">\n\t\t\t\t\t<div class=\"elementor-column elementor-col-100 elementor-top-column elementor-element elementor-element-456758ee\" data-id=\"456758ee\" data-element_type=\"column\">\n\t\t\t<div class=\"elementor-widget-wrap elementor-element-populated\">\n\t\t\t\t\t\t<section class=\"elementor-section elementor-inner-section elementor-element elementor-element-54255c7b elementor-section-boxed elementor-section-height-default elementor-section-height-default\" data-id=\"54255c7b\" data-element_type=\"section\">\n\t\t\t\t\t\t<div class=\"elementor-container elementor-column-gap-default\">\n\t\t\t\t\t<div class=\"elementor-column elementor-col-50 elementor-inner-column elementor-element elementor-element-ac06d05\" data-id=\"ac06d05\" data-element_type=\"column\">\n\t\t\t<div class=\"elementor-widget-wrap elementor-element-populated\">\n\t\t\t\t\t\t<div class=\"elementor-element elementor-element-4d11f0a7 elementor-widget elementor-widget-image\" data-id=\"4d11f0a7\" data-element_type=\"widget\" data-widget_type=\"image.default\">\n\t\t\t\t<div class=\"elementor-widget-container\">\n\t\t\t\t\t\t\t\t\t\t\t\t\t<img fetchpriority=\"high\" decoding=\"async\" width=\"547\" height=\"147\" src=\"https:\/\/prorad.pt\/wp-content\/uploads\/2024\/09\/imagem_2024-09-08_175526627.png\" class=\"attachment-medium_large size-medium_large wp-image-402\" alt=\"\" srcset=\"https:\/\/prorad.pt\/wp-content\/uploads\/2024\/09\/imagem_2024-09-08_175526627.png 547w, https:\/\/prorad.pt\/wp-content\/uploads\/2024\/09\/imagem_2024-09-08_175526627-300x81.png 300w\" sizes=\"(max-width: 547px) 100vw, 547px\" \/>\t\t\t\t\t\t\t\t\t\t\t\t\t<\/div>\n\t\t\t\t<\/div>\n\t\t\t\t<div class=\"elementor-element elementor-element-3da08c35 elementor-widget elementor-widget-heading\" data-id=\"3da08c35\" data-element_type=\"widget\" data-widget_type=\"heading.default\">\n\t\t\t\t<div class=\"elementor-widget-container\">\n\t\t\t<p class=\"elementor-heading-title elementor-size-default\"><a href=\"https:\/\/apambiente.pt\/prevencao-e-gestao-de-riscos\/protecao-radiologica\"><span style=\"font-family: Manrope; font-size: 33px; font-style: normal; font-variant-ligatures: normal; font-variant-caps: normal; font-weight: 500;\">\u00c1rea n\u00e3o - m\u00e9dica <\/span><br><br><span style=\"font-family: Manrope; font-size: 33px; font-style: normal; font-variant-ligatures: normal; font-variant-caps: normal; font-weight: 500;\"> Ag\u00eancia Portuguesa do Ambiente<\/span><\/a><\/p>\t\t<\/div>\n\t\t\t\t<\/div>\n\t\t\t\t\t<\/div>\n\t\t<\/div>\n\t\t\t\t<div class=\"elementor-column elementor-col-50 elementor-inner-column elementor-element elementor-element-2d8ac898\" data-id=\"2d8ac898\" data-element_type=\"column\">\n\t\t\t<div class=\"elementor-widget-wrap elementor-element-populated\">\n\t\t\t\t\t\t<div class=\"elementor-element elementor-element-66711064 elementor-widget elementor-widget-heading\" data-id=\"66711064\" data-element_type=\"widget\" data-widget_type=\"heading.default\">\n\t\t\t\t<div class=\"elementor-widget-container\">\n\t\t\t<p class=\"elementor-heading-title elementor-size-default\"><a href=\"https:\/\/www.ers.pt\/pt\/prestadores\/protecao-radiologica\/autorizacao-de-praticas-de-exposicoes-medicas\/\">\u00c1rea m\u00e9dica - Entidade Reguladora da Sa\u00fade<\/a><\/p>\t\t<\/div>\n\t\t\t\t<\/div>\n\t\t\t\t<div class=\"elementor-element elementor-element-3e7d8f34 elementor-widget elementor-widget-image\" data-id=\"3e7d8f34\" data-element_type=\"widget\" data-widget_type=\"image.default\">\n\t\t\t\t<div class=\"elementor-widget-container\">\n\t\t\t\t\t\t\t\t\t\t\t\t\t<img decoding=\"async\" width=\"484\" height=\"183\" src=\"https:\/\/prorad.pt\/wp-content\/uploads\/2024\/09\/Captura-de-ecra-2024-09-08-175459.png\" class=\"attachment-medium_large size-medium_large wp-image-403\" alt=\"\" srcset=\"https:\/\/prorad.pt\/wp-content\/uploads\/2024\/09\/Captura-de-ecra-2024-09-08-175459.png 484w, https:\/\/prorad.pt\/wp-content\/uploads\/2024\/09\/Captura-de-ecra-2024-09-08-175459-300x113.png 300w\" sizes=\"(max-width: 484px) 100vw, 484px\" \/>\t\t\t\t\t\t\t\t\t\t\t\t\t<\/div>\n\t\t\t\t<\/div>\n\t\t\t\t\t<\/div>\n\t\t<\/div>\n\t\t\t\t\t<\/div>\n\t\t<\/section>\n\t\t\t\t\t<\/div>\n\t\t<\/div>\n\t\t\t\t\t<\/div>\n\t\t<\/section>\n\t\t\t\t<\/div>\n\t\t","protected":false},"excerpt":{"rendered":"<p>Licenciamentos e Registos Prote\u00e7\u00e3o Radiol\u00f3gica A licen\u00e7a ou registo de geradores de radia\u00e7\u00e3o ou fontes radioativas \u00e9 regulada, desde Julho de 2024 por duas entidades distintas. \u00c1rea n\u00e3o &#8211; m\u00e9dica Ag\u00eancia Portuguesa do Ambiente \u00c1rea m\u00e9dica &#8211; Entidade Reguladora da Sa\u00fade<\/p>\n","protected":false},"author":1,"featured_media":0,"parent":0,"menu_order":0,"comment_status":"closed","ping_status":"closed","template":"","meta":{"ocean_post_layout":"","ocean_both_sidebars_style":"","ocean_both_sidebars_content_width":0,"ocean_both_sidebars_sidebars_width":0,"ocean_sidebar":"","ocean_second_sidebar":"","ocean_disable_margins":"enable","ocean_add_body_class":"","ocean_shortcode_before_top_bar":"","ocean_shortcode_after_top_bar":"","ocean_shortcode_before_header":"","ocean_shortcode_after_header":"","ocean_has_shortcode":"","ocean_shortcode_after_title":"","ocean_shortcode_before_footer_widgets":"","ocean_shortcode_after_footer_widgets":"","ocean_shortcode_before_footer_bottom":"","ocean_shortcode_after_footer_bottom":"","ocean_display_top_bar":"default","ocean_display_header":"default","ocean_header_style":"","ocean_center_header_left_menu":"","ocean_custom_header_template":"","ocean_custom_logo":0,"ocean_custom_retina_logo":0,"ocean_custom_logo_max_width":0,"ocean_custom_logo_tablet_max_width":0,"ocean_custom_logo_mobile_max_width":0,"ocean_custom_logo_max_height":0,"ocean_custom_logo_tablet_max_height":0,"ocean_custom_logo_mobile_max_height":0,"ocean_header_custom_menu":"","ocean_menu_typo_font_family":"","ocean_menu_typo_font_subset":"","ocean_menu_typo_font_size":0,"ocean_menu_typo_font_size_tablet":0,"ocean_menu_typo_font_size_mobile":0,"ocean_menu_typo_font_size_unit":"px","ocean_menu_typo_font_weight":"","ocean_menu_typo_font_weight_tablet":"","ocean_menu_typo_font_weight_mobile":"","ocean_menu_typo_transform":"","ocean_menu_typo_transform_tablet":"","ocean_menu_typo_transform_mobile":"","ocean_menu_typo_line_height":0,"ocean_menu_typo_line_height_tablet":0,"ocean_menu_typo_line_height_mobile":0,"ocean_menu_typo_line_height_unit":"","ocean_menu_typo_spacing":0,"ocean_menu_typo_spacing_tablet":0,"ocean_menu_typo_spacing_mobile":0,"ocean_menu_typo_spacing_unit":"","ocean_menu_link_color":"","ocean_menu_link_color_hover":"","ocean_menu_link_color_active":"","ocean_menu_link_background":"","ocean_menu_link_hover_background":"","ocean_menu_link_active_background":"","ocean_menu_social_links_bg":"","ocean_menu_social_hover_links_bg":"","ocean_menu_social_links_color":"","ocean_menu_social_hover_links_color":"","ocean_disable_title":"default","ocean_disable_heading":"default","ocean_post_title":"","ocean_post_subheading":"","ocean_post_title_style":"","ocean_post_title_background_color":"","ocean_post_title_background":0,"ocean_post_title_bg_image_position":"","ocean_post_title_bg_image_attachment":"","ocean_post_title_bg_image_repeat":"","ocean_post_title_bg_image_size":"","ocean_post_title_height":0,"ocean_post_title_bg_overlay":0.5,"ocean_post_title_bg_overlay_color":"","ocean_disable_breadcrumbs":"default","ocean_breadcrumbs_color":"","ocean_breadcrumbs_separator_color":"","ocean_breadcrumbs_links_color":"","ocean_breadcrumbs_links_hover_color":"","ocean_display_footer_widgets":"default","ocean_display_footer_bottom":"default","ocean_custom_footer_template":"","osh_disable_topbar_sticky":"default","osh_disable_header_sticky":"default","osh_sticky_header_style":"default","osh_sticky_header_effect":"","osh_custom_sticky_logo":0,"osh_custom_retina_sticky_logo":0,"osh_custom_sticky_logo_height":0,"osh_background_color":"","osh_links_color":"","osh_links_hover_color":"","osh_links_active_color":"","osh_links_bg_color":"","osh_links_hover_bg_color":"","osh_links_active_bg_color":"","osh_menu_social_links_color":"","osh_menu_social_hover_links_color":"","footnotes":""},"class_list":["post-397","page","type-page","status-publish","hentry","entry"],"yoast_head":"<!-- This site is optimized with the Yoast SEO plugin v23.4 - https:\/\/yoast.com\/wordpress\/plugins\/seo\/ -->\n<title>Licenciamentos e Registos - Prorad - Consultoria em F\u00edsica M\u00e9dica e Protec\u00e7\u00e3o Radiol\u00f3gica<\/title>\n<meta name=\"robots\" content=\"index, follow, max-snippet:-1, max-image-preview:large, max-video-preview:-1\" \/>\n<link rel=\"canonical\" href=\"https:\/\/prorad.pt\/index.php\/licenciamentos-e-registos-2\/\" \/>\n<meta property=\"og:locale\" content=\"en_US\" \/>\n<meta property=\"og:type\" content=\"article\" \/>\n<meta property=\"og:title\" content=\"Licenciamentos e Registos - Prorad - Consultoria em F\u00edsica M\u00e9dica e Protec\u00e7\u00e3o Radiol\u00f3gica\" \/>\n<meta property=\"og:description\" content=\"Licenciamentos e Registos Prote\u00e7\u00e3o Radiol\u00f3gica A licen\u00e7a ou registo de geradores de radia\u00e7\u00e3o ou fontes radioativas \u00e9 regulada, desde Julho de 2024 por duas entidades distintas. \u00c1rea n\u00e3o &#8211; m\u00e9dica Ag\u00eancia Portuguesa do Ambiente \u00c1rea m\u00e9dica &#8211; Entidade Reguladora da Sa\u00fade\" \/>\n<meta property=\"og:url\" content=\"https:\/\/prorad.pt\/index.php\/licenciamentos-e-registos-2\/\" \/>\n<meta property=\"og:site_name\" content=\"Prorad - Consultoria em F\u00edsica M\u00e9dica e Protec\u00e7\u00e3o Radiol\u00f3gica\" \/>\n<meta property=\"article:modified_time\" content=\"2024-09-08T19:18:47+00:00\" \/>\n<meta property=\"og:image\" content=\"https:\/\/prorad.pt\/wp-content\/uploads\/2024\/09\/imagem_2024-09-08_175526627.png\" \/>\n<meta name=\"twitter:card\" content=\"summary_large_image\" \/>\n<meta name=\"twitter:label1\" content=\"Est. reading time\" \/>\n\t<meta name=\"twitter:data1\" content=\"1 minute\" \/>\n<script type=\"application\/ld+json\" class=\"yoast-schema-graph\">{\"@context\":\"https:\/\/schema.org\",\"@graph\":[{\"@type\":\"WebPage\",\"@id\":\"https:\/\/prorad.pt\/index.php\/licenciamentos-e-registos-2\/\",\"url\":\"https:\/\/prorad.pt\/index.php\/licenciamentos-e-registos-2\/\",\"name\":\"Licenciamentos e Registos - Prorad - Consultoria em F\u00edsica M\u00e9dica e Protec\u00e7\u00e3o Radiol\u00f3gica\",\"isPartOf\":{\"@id\":\"https:\/\/prorad.pt\/#website\"},\"primaryImageOfPage\":{\"@id\":\"https:\/\/prorad.pt\/index.php\/licenciamentos-e-registos-2\/#primaryimage\"},\"image\":{\"@id\":\"https:\/\/prorad.pt\/index.php\/licenciamentos-e-registos-2\/#primaryimage\"},\"thumbnailUrl\":\"https:\/\/prorad.pt\/wp-content\/uploads\/2024\/09\/imagem_2024-09-08_175526627.png\",\"datePublished\":\"2024-09-08T16:55:13+00:00\",\"dateModified\":\"2024-09-08T19:18:47+00:00\",\"breadcrumb\":{\"@id\":\"https:\/\/prorad.pt\/index.php\/licenciamentos-e-registos-2\/#breadcrumb\"},\"inLanguage\":\"en-US\",\"potentialAction\":[{\"@type\":\"ReadAction\",\"target\":[\"https:\/\/prorad.pt\/index.php\/licenciamentos-e-registos-2\/\"]}]},{\"@type\":\"ImageObject\",\"inLanguage\":\"en-US\",\"@id\":\"https:\/\/prorad.pt\/index.php\/licenciamentos-e-registos-2\/#primaryimage\",\"url\":\"https:\/\/prorad.pt\/wp-content\/uploads\/2024\/09\/imagem_2024-09-08_175526627.png\",\"contentUrl\":\"https:\/\/prorad.pt\/wp-content\/uploads\/2024\/09\/imagem_2024-09-08_175526627.png\",\"width\":547,\"height\":147},{\"@type\":\"BreadcrumbList\",\"@id\":\"https:\/\/prorad.pt\/index.php\/licenciamentos-e-registos-2\/#breadcrumb\",\"itemListElement\":[{\"@type\":\"ListItem\",\"position\":1,\"name\":\"Home\",\"item\":\"https:\/\/prorad.pt\/\"},{\"@type\":\"ListItem\",\"position\":2,\"name\":\"Licenciamentos e Registos\"}]},{\"@type\":\"WebSite\",\"@id\":\"https:\/\/prorad.pt\/#website\",\"url\":\"https:\/\/prorad.pt\/\",\"name\":\"Prorad - Consultoria em F\u00edsica M\u00e9dica e Protec\u00e7\u00e3o Radiol\u00f3gica\",\"description\":\"Actividade de consultoria na \u00e1rea da F\u00edsica M\u00e9dica, nomeadamente na utiliza\u00e7\u00e3o das radia\u00e7\u00f5es ionizantes nas \u00e1reas do radiodiagn\u00f3stico, medicina nuclear, radioterapia externa e braquiterapia, mas tamb\u00e9m na bioeletricidade, a bio-\u00f3ptica, a termografia, a hipertermia, a terapia e o diagn\u00f3stico com radia\u00e7\u00f5es n\u00e3o ionizantes.\",\"publisher\":{\"@id\":\"https:\/\/prorad.pt\/#organization\"},\"potentialAction\":[{\"@type\":\"SearchAction\",\"target\":{\"@type\":\"EntryPoint\",\"urlTemplate\":\"https:\/\/prorad.pt\/?s={search_term_string}\"},\"query-input\":{\"@type\":\"PropertyValueSpecification\",\"valueRequired\":true,\"valueName\":\"search_term_string\"}}],\"inLanguage\":\"en-US\"},{\"@type\":\"Organization\",\"@id\":\"https:\/\/prorad.pt\/#organization\",\"name\":\"Prorad - Consultoria em F\u00edsica M\u00e9dica e Protec\u00e7\u00e3o Radiol\u00f3gica\",\"url\":\"https:\/\/prorad.pt\/\",\"logo\":{\"@type\":\"ImageObject\",\"inLanguage\":\"en-US\",\"@id\":\"https:\/\/prorad.pt\/#\/schema\/logo\/image\/\",\"url\":\"https:\/\/prorad.pt\/wp-content\/uploads\/2024\/08\/prorad-1.jpg\",\"contentUrl\":\"https:\/\/prorad.pt\/wp-content\/uploads\/2024\/08\/prorad-1.jpg\",\"width\":753,\"height\":474,\"caption\":\"Prorad - Consultoria em F\u00edsica M\u00e9dica e Protec\u00e7\u00e3o Radiol\u00f3gica\"},\"image\":{\"@id\":\"https:\/\/prorad.pt\/#\/schema\/logo\/image\/\"}}]}<\/script>\n<!-- \/ Yoast SEO plugin. -->","yoast_head_json":{"title":"Licenciamentos e Registos - Prorad - Consultoria em F\u00edsica M\u00e9dica e Protec\u00e7\u00e3o Radiol\u00f3gica","robots":{"index":"index","follow":"follow","max-snippet":"max-snippet:-1","max-image-preview":"max-image-preview:large","max-video-preview":"max-video-preview:-1"},"canonical":"https:\/\/prorad.pt\/index.php\/licenciamentos-e-registos-2\/","og_locale":"en_US","og_type":"article","og_title":"Licenciamentos e Registos - Prorad - Consultoria em F\u00edsica M\u00e9dica e Protec\u00e7\u00e3o Radiol\u00f3gica","og_description":"Licenciamentos e Registos Prote\u00e7\u00e3o Radiol\u00f3gica A licen\u00e7a ou registo de geradores de radia\u00e7\u00e3o ou fontes radioativas \u00e9 regulada, desde Julho de 2024 por duas entidades distintas. \u00c1rea n\u00e3o &#8211; m\u00e9dica Ag\u00eancia Portuguesa do Ambiente \u00c1rea m\u00e9dica &#8211; Entidade Reguladora da Sa\u00fade","og_url":"https:\/\/prorad.pt\/index.php\/licenciamentos-e-registos-2\/","og_site_name":"Prorad - Consultoria em F\u00edsica M\u00e9dica e Protec\u00e7\u00e3o Radiol\u00f3gica","article_modified_time":"2024-09-08T19:18:47+00:00","og_image":[{"url":"https:\/\/prorad.pt\/wp-content\/uploads\/2024\/09\/imagem_2024-09-08_175526627.png"}],"twitter_card":"summary_large_image","twitter_misc":{"Est. reading time":"1 minute"},"schema":{"@context":"https:\/\/schema.org","@graph":[{"@type":"WebPage","@id":"https:\/\/prorad.pt\/index.php\/licenciamentos-e-registos-2\/","url":"https:\/\/prorad.pt\/index.php\/licenciamentos-e-registos-2\/","name":"Licenciamentos e Registos - Prorad - Consultoria em F\u00edsica M\u00e9dica e Protec\u00e7\u00e3o Radiol\u00f3gica","isPartOf":{"@id":"https:\/\/prorad.pt\/#website"},"primaryImageOfPage":{"@id":"https:\/\/prorad.pt\/index.php\/licenciamentos-e-registos-2\/#primaryimage"},"image":{"@id":"https:\/\/prorad.pt\/index.php\/licenciamentos-e-registos-2\/#primaryimage"},"thumbnailUrl":"https:\/\/prorad.pt\/wp-content\/uploads\/2024\/09\/imagem_2024-09-08_175526627.png","datePublished":"2024-09-08T16:55:13+00:00","dateModified":"2024-09-08T19:18:47+00:00","breadcrumb":{"@id":"https:\/\/prorad.pt\/index.php\/licenciamentos-e-registos-2\/#breadcrumb"},"inLanguage":"en-US","potentialAction":[{"@type":"ReadAction","target":["https:\/\/prorad.pt\/index.php\/licenciamentos-e-registos-2\/"]}]},{"@type":"ImageObject","inLanguage":"en-US","@id":"https:\/\/prorad.pt\/index.php\/licenciamentos-e-registos-2\/#primaryimage","url":"https:\/\/prorad.pt\/wp-content\/uploads\/2024\/09\/imagem_2024-09-08_175526627.png","contentUrl":"https:\/\/prorad.pt\/wp-content\/uploads\/2024\/09\/imagem_2024-09-08_175526627.png","width":547,"height":147},{"@type":"BreadcrumbList","@id":"https:\/\/prorad.pt\/index.php\/licenciamentos-e-registos-2\/#breadcrumb","itemListElement":[{"@type":"ListItem","position":1,"name":"Home","item":"https:\/\/prorad.pt\/"},{"@type":"ListItem","position":2,"name":"Licenciamentos e Registos"}]},{"@type":"WebSite","@id":"https:\/\/prorad.pt\/#website","url":"https:\/\/prorad.pt\/","name":"Prorad - Consultoria em F\u00edsica M\u00e9dica e Protec\u00e7\u00e3o Radiol\u00f3gica","description":"Actividade de consultoria na \u00e1rea da F\u00edsica M\u00e9dica, nomeadamente na utiliza\u00e7\u00e3o das radia\u00e7\u00f5es ionizantes nas \u00e1reas do radiodiagn\u00f3stico, medicina nuclear, radioterapia externa e braquiterapia, mas tamb\u00e9m na bioeletricidade, a bio-\u00f3ptica, a termografia, a hipertermia, a terapia e o diagn\u00f3stico com radia\u00e7\u00f5es n\u00e3o ionizantes.","publisher":{"@id":"https:\/\/prorad.pt\/#organization"},"potentialAction":[{"@type":"SearchAction","target":{"@type":"EntryPoint","urlTemplate":"https:\/\/prorad.pt\/?s={search_term_string}"},"query-input":{"@type":"PropertyValueSpecification","valueRequired":true,"valueName":"search_term_string"}}],"inLanguage":"en-US"},{"@type":"Organization","@id":"https:\/\/prorad.pt\/#organization","name":"Prorad - Consultoria em F\u00edsica M\u00e9dica e Protec\u00e7\u00e3o Radiol\u00f3gica","url":"https:\/\/prorad.pt\/","logo":{"@type":"ImageObject","inLanguage":"en-US","@id":"https:\/\/prorad.pt\/#\/schema\/logo\/image\/","url":"https:\/\/prorad.pt\/wp-content\/uploads\/2024\/08\/prorad-1.jpg","contentUrl":"https:\/\/prorad.pt\/wp-content\/uploads\/2024\/08\/prorad-1.jpg","width":753,"height":474,"caption":"Prorad - Consultoria em F\u00edsica M\u00e9dica e Protec\u00e7\u00e3o Radiol\u00f3gica"},"image":{"@id":"https:\/\/prorad.pt\/#\/schema\/logo\/image\/"}}]}},"_links":{"self":[{"href":"https:\/\/prorad.pt\/index.php\/wp-json\/wp\/v2\/pages\/397","targetHints":{"allow":["GET"]}}],"collection":[{"href":"https:\/\/prorad.pt\/index.php\/wp-json\/wp\/v2\/pages"}],"about":[{"href":"https:\/\/prorad.pt\/index.php\/wp-json\/wp\/v2\/types\/page"}],"author":[{"embeddable":true,"href":"https:\/\/prorad.pt\/index.php\/wp-json\/wp\/v2\/users\/1"}],"replies":[{"embeddable":true,"href":"https:\/\/prorad.pt\/index.php\/wp-json\/wp\/v2\/comments?post=397"}],"version-history":[{"count":7,"href":"https:\/\/prorad.pt\/index.php\/wp-json\/wp\/v2\/pages\/397\/revisions"}],"predecessor-version":[{"id":451,"href":"https:\/\/prorad.pt\/index.php\/wp-json\/wp\/v2\/pages\/397\/revisions\/451"}],"wp:attachment":[{"href":"https:\/\/prorad.pt\/index.php\/wp-json\/wp\/v2\/media?parent=397"}],"curies":[{"name":"wp","href":"https:\/\/api.w.org\/{rel}","templated":true}]}}